 what is -4000 - 33?
-4033
In base 6, what is -4454 - -3?
-4451
In base 13, what is -38 + -11?
-49
In base 8, what is 1 - 25?
-24
In base 13, what is -5 - 56?
-5b
In base 8, what is -1214 + -5?
-1221
In base 3, what is -1 + -2202?
-2210
In base 10, what is -10 - -270?
260
In base 10, what is -4 - 49?
-53
In base 13, what is -110 - 1?
-111
In base 5, what is 3143 - 1?
3142
In base 11, what is 71 - 2?
6a
In base 7, what is 1 + 212?
213
In base 2, what is 11100 - -1?
11101
In base 9, what is -1218 + 5?
-1213
In base 16, what is 33 - 2?
31
In base 15, what is 0 + -ce8?
-ce8
In base 6, what is 4 + 203?
211
In base 14, what is -2c - -2?
-2a
In base 14, what is cb + -3?
c8
In base 7, what is 45 - 5?
40
In base 7, what is 125 - -36?
164
In base 5, what is 4 + -3042?
-3033
In base 2, what is 100 + -1100100?
-1100000
In base 8, what is 446 - 7?
437
In base 13, what is -103 + 3?
-100
In base 15, what is -9 + 9?
0
In base 2, what is -1 - -10110110?
10110101
In base 13, what is 41a - -4?
421
In base 10, what is -8 + 101?
93
In base 3, what is -21201 + 11?
-21120
In base 8, what is 21 + 40?
61
In base 9, what is -11 - -3245?
3234
In base 13, what is 4 + 143?
147
In base 15, what is 57 + -44?
13
In base 16, what is 7 + 3a?
41
In base 12, what is -29 + 377?
34a
In base 11, what is -10 + 196?
186
In base 3, what is -111122 + -11?
-111210
In base 16, what is 1bd + -2b?
192
In base 15, what is 0 - 413?
-413
In base 6, what is -10140 - -4?
-10132
In base 16, what is -1 + -5e?
-5f
In base 3, what is -12100 + -2?
-12102
In base 9, what is 58 + -4?
54
In base 9, what is -3 + 1082?
1078
In base 14, what is -16 - -a?
-a
In base 7, what is -42121 + 5?
-42113
In base 6, what is 5 + -1031?
-1022
In base 11, what is -15 - 0?
-15
In base 14, what is -16 - -2c?
16
In base 7, what is 1 + -23200?
-23166
In base 6, what is 0 + 13045?
13045
In base 5, what is 242 + -2?
240
In base 3, what is 221020 + 0?
221020
In base 13, what is 2 - 1a?
-18
In base 15, what is -21 + -ac?
-cd
In base 2, what is 10001100 - 0?
10001100
In base 16, what is 1 + 410?
411
In base 14, what is -b + 2?
-9
In base 13, what is -7 + -4cc?
-506
In base 2, what is -1000 - -10011010?
10010010
In base 12, what is -156 - 5?
-15b
In base 5, what is 21412 + -4?
21403
In base 16, what is 5 + -bdd?
-bd8
In base 2, what is -11 + 11010000?
11001101
In base 14, what is -5 - -5?
0
In base 7, what is -11 + 104?
63
In base 7, what is -5 - -5?
0
In base 6, what is -1 + -20?
-21
In base 2, what is -1000 - 1111?
-10111
In base 7, what is -5 - -10?
2
In base 4, what is 23031 + 3?
23100
In base 7, what is 1116 - 0?
1116
In base 11, what is -268 + 33?
-235
In base 2, what is -11010 + 10000101?
1101011
In base 10, what is 2 - 563?
-561
In base 14, what is 6 + b24?
b2a
In base 8, what is -73 + -5?
-100
In base 3, what is 1101002 + 10?
1101012
In base 3, what is 200002000 + 1?
200002001
In base 11, what is -5 + 101?
a7
In base 2, what is -1011101111 + -11?
-1011110010
In base 5, what is -2 - -30421?
30414
In base 11, what is 2 - -19?
20
In base 4, what is -11 - 1010?
-1021
In base 7, what is -1 + -2402?
-2403
In base 8, what is -1474 - 2?
-1476
In base 2, what is 1111011110 - -1?
1111011111
In base 15, what is 5 + 35?
3a
In base 5, what is -1 + -211?
-212
In base 2, what is -11011111001100 + 10?
-11011111001010
In base 12, what is -3 + -17?
-1a
In base 10, what is 0 - -370?
370
In base 7, what is 40632 + 3?
40635
In base 5, what is 1223 + 20?
1243
In base 14, what is -14a + 35?
-115
In base 6, what is -31 + -21?
-52
In base 13, what is -196 - -47?
-14c
In base 11, what is 98 + 11?
a9
In base 3, what is 120 - 111002?
-110112
In base 15, what is -145 - -5?
-140
In base 8, what is 3411 - 1?
3410
In base 12, what is 861 + 4?
865
In base 7, what is -2 + 1514?
1512
In base 4, what is 12 - -131?
203
In base 11, what is 0 - -23a9?
23a9
In base 12, what is 10 - -311?
321
In base 11, what is 1 + 21?
22
In base 3, what is 1 - -10012121?
10012122
In base 14, what is 85 - -4?
89
In base 6, what is -4 - 4432?
-4440
In base 14, what is 3 + 4c?
51
In base 16, what is 5 + -210?
-20b
In base 9, what is -11 + 322?
311
In base 7, what is 21 - -4?
25
In base 12, what is -11 + b9?
a8
In base 11, what is 3 + 926?
929
In base 9, what is -523 + 1?
-522
In base 5, what is -1 + 234?
233
In base 2, what is -1010 - 1001010?
-1010100
In base 7, what is -22116 + -3?
-22122
In base 15, what is a - 13?
-8
In base 8, what is 222 - -1?
223
In base 10, what is 1 - 2?
-1
In base 2, what is 1000010 - 1?
1000001
In base 6, what is 352 + 5?
401
In base 7, what is -15 + 143?
125
In base 15, what is -4 - -11?
c
In base 11, what is 9 - -5?
13
In base 9, what is -107 + -2?
-110
In base 9, what is -331 - -2?
-328
In base 15, what is 69 - 3?
66
In base 14, what is -5 + -7b8?
-7bd
In base 7, what is -33313 - 0?
-33313
In base 15, what is 4 - 52?
-4d
In base 7, what is 2 + 50?
52
In base 7, what is -644 - -4?
-640
In base 13, what is -7 - -11?
7
In base 16, what is 2 + -6eb?
-6e9
In base 11, what is -18 - -8a?
72
In base 11, what is 41 + 2?
43
In base 7, what is 10 + -1604?
-1564
In base 15, what is 14 - 11d?
-109
In base 5, what is -4 - -12113?
12104
In base 14, what is -2 - -30d?
30b
In base 3, what is -211102 - -1?
-211101
In base 8, what is -110 - 2?
-112
In base 4, what is -10 - 10011?
-10021
In base 4, what is -2120 + -2?
-2122
In base 5, what is -3 - 1003?
-1011
In base 13, what is -2a - -1a?
-10
In base 13, what is 20b - 3?
208
In base 12, what is -89 - 3?
-90
In base 3, what is 1012 + -12?
1000
In base 2, what is -100010000 + 101?
-100001011
In base 9, what is -122 + -184?
-316
In base 5, what is -11 - 44?
-110
In base 10, what is -584 - -10?
-574
In base 10, what is 21 + 176?
197
In base 5, what is 23 + 1311?
1334
In base 14, what is 907 - -13?
91a
In base 8, what is -24 + 25?
1
In base 8, what is 1 - 13?
-12
In base 3, what is -20 - -100002?
22212
In base 7, what is -2101 - 2?
-2103
In base 5, what is -40221 + 10?
-40211
In base 7, what is 5 - 4556?
-4551
In base 13, what is -7 + 28c?
285
In base 15, what is -a + c79?
c6e
In base 14, what is 5 + -18?
-13
In base 13, what is -9 - a6?
-b2
In base 4, what is 10023 - -102?
10131
In base 2, what is -1001100 + -11?
-1001111
In base 9, what is -5 + -641?
-646
In base 5, what is 10 + -1041?
-1031
In base 11, what is -338 + -1?
-339
In base 13, what is 4738 - 5?
4733
In base 3, what is -1122 - -10102?
1210
In base 15, what is -6 + -404?
-40a
In base 14, what is -4 - 32?
-36
In base 7, what is 4 - 2065?
-2061
In base 9, what is 21 - 30?
-8
In base 11, what is 15 + 92?
a7
In base 10, what is -567 + -2?
-569
In base 12, what is -12 - -9?
-5
In base 3, what is -1 - -12012?
12011
In base 15, what is 8b - 19?
72
In base 8, what is 23 + -613?
-570
In base 14, what is -1 + 3a?
39
In base 4, what is 3 - 320?
-311
In base 15, what is -5c4 - 2?
-5c6
In base 8, what is -2 + -56?
-60
In base 2, what is 101000 - -111?
101111
In base 3, what is -102 + -10200?
-11002
In base 3, what is 22 - 10212?
-10120
In base 7, what is 40 + 10?
50
In base 6, what is 12225 - 4?
12221
In base 2, what is 100 + 1011100100100?
1011100101000
In base 11, what is -8 + 1?
-7
In base 8, what is 55 - -12?
67
In base 13, what is -5 - 6a2?
-6a7
In base 9, what is -5 + 4272?
4266
In base 5, what is 3 + -10422?
-10414
In base 2, what is 100 - -10000010110001?
10000010110101
In base 11, what is 5 - 113?
-109
In base 6, what is -5 + -123?
-132
In base 3, what is -1 + -1111220?
-1111221
In base 11, what is -595 + 5?
-590
In base 5, what is 3 + -41310?
-41302
In base 15, what is 6 - -5?
b
In base 12, what is -5 - b82?
-b87
In base 2, what is -111 - -11111?
11000
In base 6, what is -40 + 44?
4
In base 11, what is 15a4a + 4?
15a53
In base 13, what is a - -27?
34
In base 7, what is 5035 - 3?
5032
In base 3, what is 2 - -100?
102
In base 12, what is -b53 - -8?
-b47
In base 9, what is -8 - 218?
-227
In base 6, what is 1 - -120?
121
In base 14, what is 5 - 187?
-182
In base 11, what is -61 - -68?
7
In base 4, what is 0 + -3210?
-3210
In base 8, what is 175 + 6?
203
In base 15, what is e + -5?
9
In base 5, what is -10 - 131304?
-131314
In base 7, what is 32 - 401?
-336
In base 6, what is 5 + -55?
-50
In base 16, what is a84 - 2?
a82
In base 5, what is -2 + 1122?
1120
In bas